en 94926 is divided by 55.
51
Calculate the remainder when 11668 is divided by 176.
52
What is the remainder when 54078 is divided by 64?
62
What is the remainder when 1971 is divided by 81?
27
What is the remainder when 223867 is divided by 22?
17
What is the remainder when 806 is divided by 53?
11
What is the remainder when 1647 is divided by 26?
9
Calculate the remainder when 18755 is divided by 1441.
22
What is the remainder when 2433 is divided by 347?
4
Calculate the remainder when 962 is divided by 422.
118
Calculate the remainder when 5022 is divided by 190.
82
What is the remainder when 163449 is divided by 14858?
11
Calculate the remainder when 4575 is divided by 573.
564
Calculate the remainder when 540849 is divided by 171.
147
What is the remainder when 90009 is divided by 11?
7
What is the remainder when 60227 is divided by 4632?
11
What is the remainder when 8372 is divided by 136?
76
Calculate the remainder when 9339 is divided by 4410.
519
What is the remainder when 9146 is divided by 381?
2
What is the remainder when 4099 is divided by 419?
328
What is the remainder when 39317 is divided by 46?
33
What is the remainder when 1220849 is divided by 6?
5
What is the remainder when 656 is divided by 26?
6
What is the remainder when 3020746 is divided by 12?
10
What is the remainder when 11541 is divided by 310?
71
Calculate the remainder when 89595 is divided by 327.
324
Calculate the remainder when 9197 is divided by 59.
52
Calculate the remainder when 5110266 is divided by 892.
890
What is the remainder when 908 is divided by 625?
283
Calculate the remainder when 259126 is divided by 403.
400
What is the remainder when 2848 is divided by 2476?
372
What is the remainder when 8493 is divided by 236?
233
Calculate the remainder when 11772 is divided by 46.
42
What is the remainder when 2008 is divided by 993?
22
What is the remainder when 6646 is divided by 1219?
551
What is the remainder when 22288 is divided by 67?
44
Calculate the remainder when 53457 is divided by 220.
217
Calculate the remainder when 5184 is divided by 1706.
66
Calculate the remainder when 5957 is divided by 49.
28
What is the remainder when 66533 is divided by 118?
99
Calculate the remainder when 81052 is divided by 96.
28
What is the remainder when 119928 is divided by 158?
6
What is the remainder when 5710 is divided by 5200?
510
Calculate the remainder when 1931 is divided by 349.
186
What is the remainder when 3927 is divided by 3906?
21
Calculate the remainder when 33315 is divided by 1042.
1013
Calculate the remainder when 637 is divided by 99.
43
Calculate the remainder when 3788 is divided by 1225.
113
What is the remainder when 4843 is divided by 77?
69
Calculate the remainder when 12363844 is divided by 167.
166
Calculate the remainder when 9422 is divided by 1156.
174
What is the remainder when 4343 is divided by 207?
203
Calculate the remainder when 87249 is divided by 44.
41
What is the remainder when 64068 is divided by 31973?
122
Calculate the remainder when 5686 is divided by 433.
57
What is the remainder when 427112 is divided by 13?
10
Calculate the remainder when 2909 is divided by 2908.
1
Calculate the remainder when 37584 is divided by 616.
8
Calculate the remainder when 35949 is divided by 11960.
69
Calculate the remainder when 1584 is divided by 3.
0
What is the remainder when 9907 is divided by 2470?
27
Calculate the remainder when 9010 is divided by 2246.
26
Calculate the remainder when 210408 is divided by 4046.
16
Calculate the remainder when 166781 is divided by 137.
52
What is the remainder when 2253 is divided by 623?
384
What is the remainder when 15828 is divided by 1162?
722
What is the remainder when 3620 is divided by 84?
8
Calculate the remainder when 2507 is divided by 86.
13
Calculate the remainder when 8669 is divided by 2851.
116
What is the remainder when 399310 is divided by 134?
124
Calculate the remainder when 93271 is divided by 15541.
25
What is the remainder when 9949 is divided by 23?
13
Calculate the remainder when 827 is divided by 79.
37
Calculate the remainder when 7204 is divided by 59.
6
What is the remainder when 63368 is divided by 187?
162
Calculate the remainder when 111280 is divided by 10116.
4
Calculate the remainder when 28187 is divided by 23.
12
What is the remainder when 203482 is divided by 133?
125
What is the remainder when 155100 is divided by 22149?
57
Calculate the remainder when 2154 is divided by 311.
288
Calculate the remainder when 64165 is divided by 104.
101
What is the remainder when 32095 is divided by 60?
55
Calculate the remainder when 1124 is divided by 156.
32
Calculate the remainder when 30517 is divided by 45.
7
What is the remainder when 369011 is divided by 386?
381
Calculate the remainder when 180334 is divided by 221.
219
What is the remainder when 3100 is divided by 3054?
46
Calculate the remainder when 8273 is divided by 260.
213
What is the remainder when 339442 is divided by 898?
896
What is the remainder when 5876 is divided by 842?
824
What is the remainder when 3977 is divided by 166?
159
Calculate the remainder when 22445 is divided by 11173.
99
What is the remainder when 10754 is divided by 5364?
26
Calculate the remainder when 1560674 is divided by 13.
11
What is the remainder when 468245 is divided by 34?
31
Calculate the remainder when 3247 is divided by 1042.
121
Calculate the remainder when 15991 is divided by 124.
119
What is the remainder when 128694 is divided by 64341?
12
Calculate the remainder when 26953 is divided by 350.
3
What is the remainder when 9317 is divided by 3020?
257
Calculate the remainder when 18794 is divided by 71.
50
What is the remainder when 50569 is divided by 1372?
1177
Calculate the remainder when 67259 is divided by 295.
294
Calculate the remainder when 6509 is divided by 171.
11
Calculate the remainder when 44765 is divided by 121.
116
Calculate the remainder when 222681 is divided by 178.
3
What is the remainder when 2445 is divided by 185?
40
Calculate the remainder when 10839 is divided by 1362.
1305
Calculate the remainder when 1828 is divided by 597.
37
Calculate the remainder when 30798 is divided by 32.
14
Calculate the remainder when 96884 is divided by 1101.
1097
Calculate the remainder when 11259 is divided by 5622.
15
Calculate the remainder when 950421 is divided by 45.
21
Calculate the remainder when 288150 is divided by 1448.
1446
What is the remainder when 2529 is divided by 356?
37
Calculate the remainder when 3807 is divided by 2311.
1496
Calculate the remainder when 1179602 is divided by 22.
6
Calculate the remainder when 655664 is divided by 702.
698
Calculate the remainder when 6640 is divided by 6422.
218
What is the remainder when 293659 is divided by 818?
815
Calculate the remainder when 4052292 is divided by 47.
46
Calculate the remainder when 319411 is divided by 188.
187
What is the remainder when 19486 is divided by 146?
68
Calculate the remainder when 949 is divided by 56.
53
Calculate the remainder when 2204 is divided by 132.
92
What is the remainder when 17803 is divided by 8835?
133
What is the remainder when 17756 is divided by 6?
2
What is the remainder when 8796 is divided by 155?
116
What is the remainder when 16436 is divided by 1195?
901
What is the remainder when 7229 is divided by 1041?
983
Calculate the remainder when 11478 is divided by 66.
60
What is the remainder when 423087 is divided by 361?
356
Calculate the remainder when 4720 is divided by 934.
50
What is the remainder when 140922 is divided by 14?
12
What is the remainder when 10971 is divided by 26?
25
What is the remainder when 24728 is divided by 83?
77
What is the remainder when 278528 is divided by 13926?
8
What is the remainder when 4645 is divided by 67?
22
What is the remainder when 21245 is divided by 253?
246
What is the remainder when 241401 is divided by 602?
601
What is the remainder when 2613 is divided by 535?
473
Calculate the remainder when 1688 is divided by 114.
92
Calculate the remainder when 2492 is divided by 273.
35
What is the remainder when 72629 is divided by 213?
209
Calculate the remainder when 2172 is divided by 154.
16
What is the remainder when 38005 is divided by 309?
307
Calculate the remain